+ 13. Suppose -l*k + 20 = -2*k. Suppose -k*m + 23 = -25. What are the prime factors of m?
2, 3
Suppose 2*m = 4*a - 55 + 3, -4*a + 5*m = -40. List the prime factors of a.
3, 5
Let d(u) = 40*u**2 - 4*u + 2. Let h be d(3). Suppose -4*w - h = w. List the prime factors of (-2)/(-6) + w/(-6).
2, 3
Let n = 1 - -3. Suppose -5*l - n*z = -8, l + l + 3*z = 6. Suppose l = -g + b + 9, -4 = -4*g - 5*b + 5. List the prime factors of g.
2, 3
Suppose 3*j - 2*j = 14. Let v = 10 + j. List the prime factors of v.
2, 3
Let p = -70 - -136. What are the prime factors of p?
2, 3, 11
Let n = -236 - -373. What are the prime factors of n?
137
Let c = -19 + 15. Let u(v) = v**2 + 5. List the prime factors of u(c).
3, 7
Let c = 16 - 23. Let b = 27 + c. List the prime factors of b.
2, 5
Suppose -11 - 9 = -4*d. Suppose d*v + 0*v = 75. What are the prime factors of v?
3, 5
Let c be ((-20)/6 + 3)*0. Suppose c = -j - 3*j + 36. What are the prime factors of j?
3
Suppose 15 + 12 = -3*o. What are the prime factors of 8*3*o/(-12)?
2, 3
Let w(s) = -3*s + 9. What are the prime factors of w(-10)?
3, 13
Suppose 2*z + 3*a + 6 = 0, z + 5*a - a = -13. Suppose 2*s = -5*r + 88, 0*s - z*s + 132 = 3*r. What are the prime factors of s?
2, 11
Suppose -2*a = -53 - 39. List the prime factors of a.
2, 23
Let c(f) be the third derivative of f**5/40 + f**4/12 + f**3/6 - 4*f**2. Let g(s) be the first derivative of c(s). List the prime factors of g(5).
17
Let q(h) = 8*h + 4. What are the prime factors of q(2)?
2, 5
Let r = -12 - -17. Suppose 5*m + r*h + 32 = 2*m, 20 = 4*h. Let i = 27 + m. List the prime factors of i.
2
Suppose -2*a = -3*o - 11, -a + 10 = -0*o + 3*o. Suppose 4*h - 13 = a. Suppose -h*d + 34 = -6. What are the prime factors of d?
2
Let v(z) = z**3 + 5*z**2 + 3*z. Let f be v(-4). Suppose -96 = -7*n + f*n. List the prime factors of n.
2
Let z = 4 + 0. Let w = z + -1. Suppose -h + 4*h = -w*k + 39, -5*h + 77 = -k. List the prime factors of h.
3, 5
Suppose 6*n - 2*n = 20. Suppose u + 0*u - n = 0. What are the prime factors of u?
5
Let d be (-192)/(-5) + (-18)/(-30). Suppose d = 2*z + 4*m + 7, -3*m + 3 = -2*z. What are the prime factors of z?
2, 3
Let h(q) = -q**3 - 4*q**2 + 6*q - 2. Let t be h(-5). Let l = -24 + 19. Let p = l - t. What are the prime factors of p?
2
Suppose 0*s = -2*s + 80. Suppose 0 = -c + 5*c - s. Suppose 3*u + 18 = 3*z, -3*u = -2*z + 3*z - c. What are the prime factors of z?
7
Let i = 4 - 13. Let h = 4 - i. List the prime factors of h.
13
Let s(r) = -5*r - 1. Let z(h) = -h**3 - h**2 + h. Let g be z(1). Let w be s(g). Suppose -3*u + 40 = w. List the prime factors of u.
2, 3
Suppose 89 = 4*j + 25. What are the prime factors of j?
2
Suppose -2*v = -6*v - 2*k + 1486, -4*v - 4*k + 1484 = 0. What are the prime factors of v?
2, 3, 31
Suppose -5*z + 42 = -4*z. What are the prime factors of z?
2, 3, 7
Suppose -f + 37 = -51. What are the prime factors of f?
2, 11
Let o be (-5)/4 - 9/12. List the prime factors of o*-1*(-10)/(-2).
2, 5
Suppose o + o - 46 = 0. Suppose -4*w = -29 - o. List the prime factors of w.
13
Let t(x) = 27*x - 12. What are the prime factors of t(6)?
2, 3, 5
Let h(k) = k**2 + 5*k - 2. Let j be h(3). Let m be 158/j - 6/33. Suppose m*c = 3*c + 3*l + 58, 45 = 3*c - 3*l. List the prime factors of c.
13
Let b = 11 + -2. Let y be ((-3)/1)/(b/(-6)). Suppose 3*t = s - 6, 5*s - 23 = y*t + 20. List the prime factors of s.
3
Suppose 0 = 2*l - 0*l - 6. Suppose 2*y + 4 = -4*r + 26, 3 = 5*y - l*r. List the prime factors of y.
3
Suppose o - 2 - 2 = 0. What are the prime factors of o?
2
Let o(i) = i**2 + i + 3. What are the prime factors of o(-2)?
5
Suppose 3*d - 5*d = -124. Suppose -5*w - 4*q = d, -q - 53 = 8*w - 3*w. List the prime factors of (-76)/w + (-2)/(-5).
2
Let q(x) = x**3 + x**2 - x + 10. Let f(k) = k**3 - k + 11. Let u(g) = 3*f(g) - 4*q(g). What are the prime factors of u(-5)?
13
Suppose -3 = -b + 3*r, 4*r + 0 - 4 = 0. Suppose 4 = -4*o + b*o. Suppose -14 = -2*v - 2*k, -10 = -4*v + 2*v + o*k. What are the prime factors of v?
2, 3
Let j = 6 + -11. Let w(b) = 2*b**2 + 4*b - 5. List the prime factors of w(j).
5
What are the prime factors of (-10 + 25)/(1 + 0)?
3, 5
Let l = -15 + 21. Let s = -3 + l. What are the prime factors of 15/(-5)*(-16)/s?
2
Suppose 0 = 2*x - 255 + 79. List the prime factors of x.
2, 11
Suppose -5*b - 3*a + 36 = -2*a, 2*b = -a + 15. Let f = -13 + b. Let n(w) = w**3 + 6*w**2 - 3*w - 4. What are the prime factors of n(f)?
2, 7
Let b(f) be the first derivative of f**3/3 + 2*f - 1. What are the prime factors of b(3)?
11
Suppose -2*x + 12 = 2*x, 81 = 5*i + 2*x. Let g = 0 - -5. Let k = i - g. What are the prime factors of k?
2, 5
Let q(a) = a**3 - 9*a**2 + 9*a + 2. Let j be q(8). List the prime factors of (26/j)/((-2)/(-10)).
13
Let h(g) = -g**3 + 5*g**2 - 2*g - 5. Let b be h(4). Suppose 0*y = -5*y + b*a + 25, -4*y + 20 = 2*a. List the prime factors of y.
5
Let t = -203 - -125. List the prime factors of 12/t - 1070/(-26).
41
Suppose p - 10 = 4*n, -4*p + 45 = -2*p - 3*n. What are the prime factors of p?
2, 3, 5
Let h = -19 + 30. What are the prime factors of h?
11
Let m = 12 + -8. Suppose -s = -m*h - 8, -3*s + 2*h - 1 = -5. Suppose -3*g = -s*g + w - 15, -3*w = 2*g - 3. List the prime factors of g.
2, 3
Let y(b) = -b**3 + 7*b**2 + 6*b - 6. List the prime factors of y(7).
2, 3
Let o(p) = 6*p. Let w be o(-3). Let b be (-235)/(-45) - (-4)/w. Let u = b - 0. List the prime factors of u.
5
Let h(w) = w**2 + 4*w - 6. Let l be (0 - 1)*5 - 2. Let m be h(l). Suppose 11 + m = 2*k. List the prime factors of k.
13
Let n = -2 + 0. Let x be 8/1 - (-4)/n. Let p = -4 + x. List the prime factors of p.
2
Let v(c) = -c**3 + 23*c**2 - 18*c - 7. List the prime factors of v(22).
3
Let d(s) = 7 - 3*s**2 + 8*s - 6*s**2 + 2*s**2 - s**3. Suppose 2*u - 8 = 3*u. What are the prime factors of d(u)?
7
Let x(s) be the first derivative of -s**4/4 - 3*s**3 + 5*s**2 + 9*s - 9. Let w be (8/6)/((-4)/30). What are the prime factors of x(w)?
3
Suppose 5*b - 306 = 2*b. Suppose -6*s = -3*s - b. List the prime factors of s.
2, 17
Let j be (-10)/(-20)*(0 + -2). Let i(g) = -7*g**3 + 2*g**2 + 2*g + 1. What are the prime factors of i(j)?
2
Let a(v) = v**2 + 4*v - 9. List the prime factors of a(3).
2, 3
Suppose 2 = l - 1. Suppose -w = w + 4*f - 2, -w + 13 = -2*f. Suppose -l*z + w = -26. List the prime factors of z.
11
Let b = 54 - 21. What are the prime factors of b?
3, 11
Let l(m) = m**3 + 5*m**2 - 8*m + 3. Let g be l(-6). Let s = g - 8. What are the prime factors of s?
7
Suppose -7*r + 25 = -2*r. Let c = r - 0. Suppose -f + 22 = 3*d + f, c*d = f + 15. List the prime factors of d.
2
Suppose 0 = 7*a - 3*a - 48. Let r = 20 - a. What are the prime factors of -1 + 1 + r/1?
2
Let z be 3/2*(4 - 2). Suppose z*i - 11 = 4. Let b = i - 3. What are the prime factors of b?
2
What are the prime factors of (1480/80)/((-2)/(-20))?
5, 37
Let s be (-4 - (3 - 6))*15. Let j = s - -21. What are the prime factors of j?
2, 3
Suppose 6*f - 18 = 3*f. Let q = f + 3. What are the prime factors of q?
3
Let w = 3 + 25. List the prime factors of w.
2, 7
Let o be -2 - 2*(-3)/(-6). Let q be o/(-2)*(-4)/(-3). Suppose 16 = 4*b + q*g, 2*b + 3*b - 2*g - 11 = 0. What are the prime factors of b?
3
Let b = 5 + -8. Let q(i) be the first derivative of i**4/4 + 5*i**3/3 + i**2 - 4*i + 1. List the prime factors of q(b).
2
What are the prime factors of 2 + (-6)/(12/(-154))?
79
List the prime factors of ((-1)/(-2))/(2/160).
2, 5
Let b(g) = 11*g**3 - g + 1. Let p = 5 + -3. Suppose -3*n + 5 = p*n. What are the prime factors of b(n)?
11
Let i = -3 - -5. Let r = i - -6. Suppose -2*m + m = -r. List the prime factors of m.
2
Let j = 12 + -9. Suppose j*k + 2*w = 7, 4*k + 4*w - 5 = -1. What are the prime factors of k?
5
Suppose -5*t - 1 = 9. Let j be t/(-1 - (-6)/10). What are the prime factors of 1*11 - (-10)/j?
13
Suppose -k + 0*f = 2*f - 94, -3*f = -4*k + 376. What are the prime factors of k?
2, 47
Suppose -2*v - 7*x + 3*x = -4, 2*x - 2 = 3*v. Suppose b - 5*f - 15 = v, 3*b + f + 35 = -4*f. List the prime factors of 6*5/(b/(-2)).
2, 3
Suppose -4*w + 9 = -11. Suppose -5*o + 40 = w*a, 3*o + 3 = -4*a + 30. Suppose 2*v + 5*d = 4 - 6, -5*v = a*d - 14. List the prime factors of v.
2
Let x = -1 + 0. Let y be 2 + 1 + 3 + x. Suppose -y*c = 11 - 51. List the